{"id":314,"date":"2022-07-13T17:44:42","date_gmt":"2022-07-13T15:44:42","guid":{"rendered":"https:\/\/gftchantilly.fr\/?page_id=314"},"modified":"2025-11-15T16:31:10","modified_gmt":"2025-11-15T15:31:10","slug":"lassociation","status":"publish","type":"page","link":"https:\/\/gftchantilly.fr\/index.php\/lassociation\/","title":{"rendered":"L&#8217;association"},"content":{"rendered":"\n<p>Le GFT est une association qui propose des sorties culturelles, des spectacles, des excursions \u00e0 la journ\u00e9e, des visites \u00e0 th\u00e8me et des voyages en France et \u00e0 l\u2019\u00e9tranger dans une ambiance chaleureuse tout en confort et simplicit\u00e9.<\/p>\n\n\n\n<p>Si vous souhaitez nous rejoindre, la <strong>cotisation inchang\u00e9e pour la saison 2025 \/ 2026 est de 25 \u20ac<\/strong><\/p>\n\n\n\n<h2 class=\"wp-block-heading\">Inscriptions aux sorties<\/h2>\n\n\n\n<p>Parution du calendrier des sorties&nbsp;: Fin juin et mi-novembre 2024. D\u00e8s r\u00e9ception, choisir vos options, les indiquer sur 1 exemplaire du tableau des r\u00e9servations que vous pouvez t\u00e9l\u00e9charger en page d\u2019accueil, puis nous le transmettre, accompagn\u00e9 des ch\u00e8ques correspondants. Les inscriptions se font par ordre d&#8217;arriv\u00e9e jusqu&#8217;au quota de places disponibles, puis sur liste d&#8217;attente.<\/p>\n\n\n\n<p><strong>Les inscriptions re\u00e7ues sans ch\u00e8que joint, seront automatiquement port\u00e9es sur la liste d\u2019attente de la sortie jusqu\u2019\u00e0 r\u00e9ception du ou des ch\u00e8ques<\/strong>.<\/p>\n\n\n\n<p>Afin de faciliter les enregistrements des sorties, <strong>nous vous demandons<\/strong><\/p>\n\n\n\n<ul class=\"wp-block-list\">\n<li><strong>d\u2019\u00e9tablir 1 ch\u00e8que par sortie&nbsp; qui pourra \u00eatre encaiss\u00e9 avant la date de la sortie&nbsp; <\/strong><\/li>\n\n\n\n<li><strong>d\u2019indiquer au dos, le nom et la date de la sortie<\/strong>.<\/li>\n<\/ul>\n\n\n\n<div style=\"height:32px\" aria-hidden=\"true\" class=\"wp-block-spacer\"><\/div>\n\n\n\n<p><strong><u>Point de d\u00e9part<\/u><\/strong>&nbsp;: <strong>\u00e0 indiquer sur le tableau des r\u00e9servations.<\/strong> <strong><u>En cas de modification, merci de pr\u00e9venir imp\u00e9rativement le bureau au plus tard une semaine avant la sortie<\/u>.<\/strong><\/p>\n\n\n\n<div style=\"height:30px\" aria-hidden=\"true\" class=\"wp-block-spacer\"><\/div>\n\n\n\n<h2 class=\"wp-block-heading\">Annulations<\/h2>\n\n\n\n<p><strong>Les sorties \u00e9tant r\u00e9serv\u00e9es et r\u00e9gl\u00e9es longtemps \u00e0 l\u2019avance, tout d\u00e9sistement non remplac\u00e9 entra\u00eenera l\u2019encaissement du ch\u00e8que relatif \u00e0 la sortie quel que soit le motif de l\u2019annulation.<\/strong><\/p>\n\n\n\n<p>Cependant, pour chaque sortie et afin d\u2019\u00e9viter l\u2019encaissement du ch\u00e8que :<\/p>\n\n\n\n<ol class=\"wp-block-list\">\n<li> r\u00e9cup\u00e9ration des adh\u00e9rents sur liste d\u2019attente si elle existe  <\/li>\n\n\n\n<li>envoi d\u2019e-mails pour r\u00e9cup\u00e9ration d\u2019\u00e9ventuels adh\u00e9rents int\u00e9ress\u00e9s. Efficacit\u00e9 reconnue !<\/li>\n\n\n\n<li> sans liste d\u2019attente : proposition de remplacement par l\u2019adh\u00e9rent qui se d\u00e9siste (famille, ami,connaissance) ou encaissement du ch\u00e8que. <\/li>\n<\/ol>\n\n\n\n<p><\/p>\n\n\n\n<p><strong>&nbsp;&nbsp;&nbsp;&nbsp;&nbsp;&nbsp;&nbsp;<\/strong><\/p>\n","protected":false},"excerpt":{"rendered":"<p>Le GFT est une association qui propose des sorties culturelles, des spectacles, des excursions \u00e0 la journ\u00e9e, des visites \u00e0 th\u00e8me et des voyages en France et \u00e0 l\u2019\u00e9tranger dans une ambiance chaleureuse tout en confort et simplicit\u00e9. Si vous souhaitez nous rejoindre, la cotisation inchang\u00e9e pour la saison 2025 \/ 2026 est de 25 &hellip;<\/p>\n<p class=\"read-more\"> <a class=\"\" href=\"https:\/\/gftchantilly.fr\/index.php\/lassociation\/\"> <span class=\"screen-reader-text\">L&#8217;association<\/span> Lire la suite\u00a0\u00bb<\/a><\/p>\n","protected":false},"author":1,"featured_media":0,"parent":0,"menu_order":0,"comment_status":"closed","ping_status":"closed","template":"","meta":{"site-sidebar-layout":"default","site-content-layout":"default","ast-global-header-display":"","ast-main-header-display":"","ast-hfb-above-header-display":"","ast-hfb-below-header-display":"","ast-hfb-mobile-header-display":"","site-post-title":"","ast-breadcrumbs-content":"","ast-featured-img":"","footer-sml-layout":"","theme-transparent-header-meta":"","adv-header-id-meta":"","stick-header-meta":"","header-above-stick-meta":"","header-main-stick-meta":"","header-below-stick-meta":"","footnotes":""},"class_list":["post-314","page","type-page","status-publish","hentry"],"_links":{"self":[{"href":"https:\/\/gftchantilly.fr\/index.php\/wp-json\/wp\/v2\/pages\/314","targetHints":{"allow":["GET"]}}],"collection":[{"href":"https:\/\/gftchantilly.fr\/index.php\/wp-json\/wp\/v2\/pages"}],"about":[{"href":"https:\/\/gftchantilly.fr\/index.php\/wp-json\/wp\/v2\/types\/page"}],"author":[{"embeddable":true,"href":"https:\/\/gftchantilly.fr\/index.php\/wp-json\/wp\/v2\/users\/1"}],"replies":[{"embeddable":true,"href":"https:\/\/gftchantilly.fr\/index.php\/wp-json\/wp\/v2\/comments?post=314"}],"version-history":[{"count":12,"href":"https:\/\/gftchantilly.fr\/index.php\/wp-json\/wp\/v2\/pages\/314\/revisions"}],"predecessor-version":[{"id":2693,"href":"https:\/\/gftchantilly.fr\/index.php\/wp-json\/wp\/v2\/pages\/314\/revisions\/2693"}],"wp:attachment":[{"href":"https:\/\/gftchantilly.fr\/index.php\/wp-json\/wp\/v2\/media?parent=314"}],"curies":[{"name":"wp","href":"https:\/\/api.w.org\/{rel}","templated":true}]}}